e z(c).
-1
Let r(j) = j**2 - 2*j - 1. Let h be (-3 - -7)/(2 - 0). Give r(h).
-1
Let u(i) = -3*i + 5*i + i - 5*i. Suppose 0 = -4*z + 3*b + 19 - 3, 0 = -z - 2*b + 4. Determine u(z).
-8
Suppose 5*s = -3*t + 27, -t + 17 = -s + 4*s. Let x(d) = -d**2 + 6*d + 2. Give x(s).
2
Let r = -90 + 95. Let n(a) = -a**3 + 5*a**2 + 3*a - 7. What is n(r)?
8
Let z(k) = 2*k - 7. Let d be z(5). Let m(a) = 2*a**2 - 3*a + 1. What is m(d)?
10
Let p(g) be the first derivative of 3*g**2/2 - g - 1. Determine p(6).
17
Let q(f) = 2*f - 6. Let w be q(6). Let h(b) = 5 - 4 + 5 - 6*b + b**2. Determine h(w).
6
Let a be 1704/(-20) + (-2)/(-10). Let i be 1/(-4) + a/(-20). Suppose 0 = -i*b + 3*b - 1. Let u(q) = -q**3 - q**2 - q - 1. Give u(b).
0
Suppose 0 = 10*n - 12 + 52. Let f(o) = -2*o + 4 - 5*o**2 - o**3 - 2*o + o. Give f(n).
0
Let l(t) = -9*t**2 - 4*t - 4. Let k(v) = -9*v**2 - 3*v - 3. Let g(c) = 5*k(c) - 4*l(c). Calculate g(-1).
-9
Let f(a) be the first derivative of -a**5/120 - a**4/8 + a**3 + 5. Let m(k) be the third derivative of f(k). Give m(-4).
1
Let i(y) = 2*y**2 + y - 1. Let j be (-16)/(-6) + 1/3. Suppose h = -5*t - h + 9, 0 = -3*t + 3*h - j. Calculate i(t).
2
Let z(m) = -1 + 11*m**3 - 6*m + 0*m - 12*m**3 - 7*m**2. What is z(-6)?
-1
Suppose -2*o + 3*p = -13, 4*p + 5 = -7. Let k(v) = -5*v + 2. Calculate k(o).
-8
Let q(w) be the first derivative of -w**4/4 + 4*w**3/3 - w**2 + 3*w - 8. Calculate q(2).
7
Let q(m) = 3*m**2 + 3*m + 8. Let p(j) = -4*j**2 - 3*j - 9. Let f(u) = 2*p(u) + 3*q(u). Give f(-4).
10
Let s(x) = 4*x**3 + 8*x**2 + 5*x - 2. Let c(k) = -k**3 - k**2 - k + 1. Let g(u) = -3*c(u) - s(u). Calculate g(-3).
-13
Let d = 15 + -6. Let k be (-2)/d - (-104)/(-18). Let h(v) = v - 7. Let g(z) = -z + 6. Let f(m) = k*g(m) - 5*h(m). Calculate f(3).
2
Let n(v) = -v**3 + v**2 - v + 3. Let k be n(0). Let t(f) = f**3 - 3*f**2 - f + 4. Let y be t(k). Let c(l) = 5*l**2 - 2*l + 1. Determine c(y).
4
Suppose -12 = -y - 3*y, 2*f = -2*y - 2. Let c be f/10 - 16/10. Let n = -1 - c. Let k(a) = -7*a**2 + 1. Give k(n).
-6
Let c(o) = -1 - 3*o - 1 + 2*o. Let g be c(-1). Let u(v) be the third derivative of -3*v**5/20 + v**3/6 + 2*v**2. What is u(g)?
-8
Let c(y) = 4*y**3 - 3*y**2 + y + 2. Let z be (-21)/(-42)*(3 + 1). Determine c(z).
24
Let i be 3/(-1) + (9 - 0). Let d(l) = 6 + 4 + l - i*l - 9. Determine d(2).
-9
Let k(j) = 2*j**3 + j**2 + 3*j - 4. Let g(a) = -a**3 + 1. Let r(h) = 3*g(h) + k(h). Suppose 3*l + 0*l = 39. Let x = l + -11. What is r(x)?
1
Let u(i) be the first derivative of -i**4/2 - 2*i**3/3 - i**2 - 2*i + 3. Let k be u(-2). Suppose k*r = 5*r + 25. Let c(v) = -v**2 + 6*v - 1. Determine c(r).
4
Let t(y) = y**3 + 3*y**2 - 6*y + 6. Suppose 0 = 6*v - v + 25. Determine t(v).
-14
Let p(o) = 15*o + 4. Let b(f) = 13*f + 5. Let h(c) = -7*b(c) + 6*p(c). What is h(-8)?
-3
Let z(t) = -3*t - 18. Let b(v) = 2*v + 12. Suppose -5*o + o = -28. Let w(c) = o*b(c) + 5*z(c). Calculate w(-8).
2
Let r(l) = -l + 2. Let a be -1*(2 + -3)*3. Let c be r(a). Let w(f) = -2*f**3 - f**2. Calculate w(c).
1
Let r(q) = -q**2 - 1. Let w(m) = m + 4. Let l be w(-5). Let x be r(l). Let y(o) = -5*o - 14. Let u(g) = 2*g + 5. Let k(b) = -8*u(b) - 3*y(b). Calculate k(x).
4
Suppose -4*l - 5*n = 12, n - 3*n = -2*l - 24. Let x(q) = q + 16. Determine x(l).
8
Suppose 35 = -15*f + 10*f. Let o(q) = q**2 + 10*q + 10. Give o(f).
-11
Let w = -4 + 8. Suppose 4*m - 4*t = 2*m + 8, 2*t + w = 2*m. Suppose 4*o + 0 = 12, m = -2*i + 5*o - 11. Let j(h) = -h**2 - h + 1. Give j(i).
-5
Suppose 0 = -4*b + 5*r - 12, b = 4*b + 5*r - 26. Let p(g) = 2*g + g - b + 9*g**2 - 8*g**2. Let j be (-4 + 0)*2/2. Give p(j).
2
Let a(f) = 3*f**3 - 2*f - 1. Suppose 2*d = 4 + 2, d - 5 = k. Let q be (-6)/3*k/(-4). Give a(q).
-2
Let h(a) = -15 - a**3 + 15 - 3 + 3*a**2 + a. Give h(3).
0
Suppose 5*u + 2*f = 23, -3*f + 3 = -3*u - 0*f. Suppose 0 = r - 3, 2*z - 3*r = -16 + u. Let p(m) = 2*m**3 + 2*m**2 + 3*m + 2. What is p(z)?
-12
Suppose 0 = -0*n + 2*n - 4. Let q(j) be the second derivative of -1/4*j**4 + 0 - 3*j + 2/3*j**3 - 3/2*j**2. Give q(n).
-7
Let p(z) = -3*z**2 + 22*z**2 - 7*z**2 - 5*z**2 - 1. Let i = -2 - -3. Determine p(i).
6
Let w(m) = -m**2 - 2*m - 1. Let u be w(2). Let z = -15 - u. Let f be (-10)/z*-3*1. Let x(q) = q + 6. Give x(f).
1
Suppose -5 - 19 = -4*w. Let a(n) = -4*n**2 - n**3 - 4*n + 3 + 6*n**2 - 2*n + 5*n**2. Give a(w).
3
Let z(c) = c**2 + 9*c + 10. Let o(v) = -v**2 - 10*v - 11. Let p(r) = 3*o(r) + 4*z(r). Determine p(-7).
14
Let v(d) = d + 1. Let i(f) = -9*f - 8. Let x(a) = i(a) + 4*v(a). What is x(-3)?
11
Let m(v) = -3*v**2 + 2*v + 2. Let k(y) = -3*y**2 + 3*y + 3. Let h(q) = 2*k(q) - 3*m(q). Let a be 32/(-14) + (-4)/(-14). Let t be a/6 + 2/(-3). Determine h(t).
3
Let p(z) be the first derivative of 5*z**3/3 + z**2/2 - 13. Let i be -4*3/(3*2). Determine p(i).
18
Let s(v) = v - 3. Suppose -5*c = 2*i + 31 + 12, -2*c = 5*i + 118. Let j be (-5)/(-25) - i/5. Give s(j).
2
Let w(u) = u + 11. Let b be w(-6). Suppose -3 = -b*r + 2*r. Let x(m) = m - 1. What is x(r)?
0
Let c(f) = -f**2 - 1. Let i(y) = 7*y**2 + 7. Let s(w) = 6*c(w) + i(w). Let v(z) = 2*z**3 + 4*z**2 + 4*z + 3. Let o be v(-2). Let d = 3 + o. Calculate s(d).
5
Let h(k) = -k**2 - 7*k - 4. Let c(p) = 1 + p**2 + 0*p**2 - 7*p + 5 - p. Let o be c(6). Give h(o).
2
Let m(u) = u - 7. Suppose -c = -0*c - 11. Let i be m(c). Let s(k) = -k**3 + 4*k**2 + 2*k - 3. Give s(i).
5
Suppose 0 = -5*a + 14 - 39. Let o(k) be the third derivative of 0*k - 5/24*k**4 + 0 - k**2 - 7/6*k**3 - 1/10*k**5 - 1/120*k**6. Calculate o(a).
-7
Let x(c) be the first derivative of c**3/3 - 5*c**2/2 - 10*c - 15. Suppose 0 = -2*y + 8, 4*u - y - 25 = -1. Calculate x(u).
4
Let z(p) = 7*p**2 - p. Suppose 5*d = -5 + 30. Let i be (-6)/2 + d - 4. Let g be 2*i/(-4)*-1. What is z(g)?
8
Let c(b) = -b**3 - 4*b**2 - b + 4. Let i be c(-3). Suppose 7*h - 3*h - 8 = 0. Let t(g) = -2 - 3*g**2 + 4*g**h + g**3 + 2*g**2. Calculate t(i).
2
Let v(u) be the second derivative of -u**4/12 - 2*u**3/3 + 3*u**2 + 2*u. Suppose 2*i + i = 24. Let d be (-19)/4 - 2/i. Give v(d).
1
Let s(i) = 3*i**2 + 3*i - 2. Let y be s(2). Let o = -10 + y. Let a(p) = 2*p - 8. Give a(o).
4
Suppose -32 + 4 = 4*o. Let j(d) = d + 4. Determine j(o).
-3
Let a(y) = -y + 1. Suppose 9*h - 5 - 4 = 0. What is a(h)?
0
Suppose 0 = -7*a + 36 - 22. Let y(d) = -13*d**2 + 13*d + 8. Let w(j) = 3*j**2 - 3*j - 2. Let r(x) = 9*w(x) + 2*y(x). What is r(a)?
0
Let k(a) = -a**3 - 7*a**2 + 3*a. Let l(u) = 2*u**3 + 13*u**2 - 5*u. Let y(o) = -5*k(o) - 3*l(o). What is y(-3)?
-9
Suppose 4*j + 3*o - 7 = 7, -16 = -2*j + 3*o. Let x(r) = -10*r**2 + 2*r - 16. Let f(z) = 7*z**2 - z + 11. Let c(d) = 7*f(d) + 5*x(d). Determine c(j).
-13
Let g(x) = 4*x + 10*x - 4*x - 7*x. What is g(-1)?
-3
Let a = -19 - -16. Let z(m) = -2*m + 3. Suppose -3*q - 9 = -0*q. Let c(b) = b. Let i(n) = q*c(n) - z(n). What is i(a)?
0
Let r be ((-2)/(-5))/((-1)/(-5)). Let o(y) = -5 - y**r - 3*y**2 + 5*y**2 - 3*y. Give o(4).
-1
Let c(t) = 5 + 4*t - 5*t + 4 - t. Calculate c(6).
-3
Let f(w) be the first derivative of w**2/2 - 2*w - 2. Suppose -p = 4, 5*y = 4*y - 3*p - 14. Calculate f(y).
-4
Suppose 5*p - 4*i = 20, -4*i - 20 = -0*p - 2*p. Let u(c) be the first derivative of -2/3*c**3 + c + 1/2*c**4 + p*c**2 - 3. Calculate u(2).
9
Let d(j) = -j**3 + 7*j**2 - 5*j - 1. Let h be d(6). Let t(q) = q - h + 5 + 0*q. Give t(-4).
-4
Let t be ((-6)/(-5))/(4/10). Let m = -6 + 8. Let a(u) = -2*u - m*u + 3*u**t + 3*u. Determine a(-1).
-2
Let b(y) be the first derivative of y**2/2 - 7*y - 60. Calculate b(5).
-2
Suppose -2*v - 7 = -5*f, f - 5*v + 3 = -14. Let t(n) = -4*n + n**3 + f*n + 0 + 4. Calculate t(0).
4
Suppose h = r, 3*h + r - 7 = -3*r. Let j(i) = -6*i**3 + 5*i**2 + 4*i + 2. Let t(k) = 5*k**3 - 3*k**2 - 3*k - 1. Let d(w) = 2*j(w) + 3*t(w). Give d(h).
4
Let n(r) be the third derivative of 1/8*r**4 + 0*r + 0 + 0*r**3 - 2*r**2. Suppose -3*p + 3 = 3*l, -3*l + 5*p = -0*l - 11. What is n(l)?
6
Let n(x) be the first derivative of -x**3/3 - 2*x**2 - 4*x - 15. Calculate n(-3).
-1
Suppose 0 = 3*j - 2*a - 17, 5*j - 3*a = 4*j + 8. Let w(s) be the second derivative of 3/2*s**2 + 1/2*s**4 - s**3 - 1/20*s**j + 2*s + 0. Determine w(5).
-2
Let n(o) be the first derivative of o**4/4 + 4*o**3/3 - 7*o**2/2 - 6*o - 1. Determine n(-5).
4
Let g(u) = u**3 - 4*u**2 - 5. Suppo